{"id":434,"date":"2017-01-26T20:03:37","date_gmt":"2017-01-26T19:03:37","guid":{"rendered":"http:\/\/angeln-in-brome.de\/navblog\/?page_id=434"},"modified":"2021-07-05T11:25:17","modified_gmt":"2021-07-05T09:25:17","slug":"vorstand","status":"publish","type":"page","link":"https:\/\/angeln-in-brome.de\/?page_id=434","title":{"rendered":""},"content":{"rendered":"<div id=\"pl-434\"  class=\"panel-layout\" ><div id=\"pg-434-0\"  class=\"panel-grid panel-has-style\" ><div class=\"panel-row-style panel-row-style-for-434-0\" ><div id=\"pgc-434-0-0\"  class=\"panel-grid-cell\" ><div id=\"panel-434-0-0-0\" class=\"so-panel widget widget_sow-editor panel-first-child panel-last-child\" data-index=\"0\" ><div class=\"panel-widget-style panel-widget-style-for-434-0-0-0\" ><div\n\t\t\t\n\t\t\tclass=\"so-widget-sow-editor so-widget-sow-editor-base\"\n\t\t\t\n\t\t>\n<div class=\"siteorigin-widget-tinymce textwidget\">\n\t<p><span style=\"font-size: 18pt;\">Vorstand &amp; Verwaltung<\/span><\/p>\n<\/div>\n<\/div><\/div><\/div><\/div><\/div><\/div><div id=\"pg-434-1\"  class=\"panel-grid panel-has-style\" ><div class=\"panel-row-style panel-row-style-for-434-1\" ><div id=\"pgc-434-1-0\"  class=\"panel-grid-cell\" ><div id=\"panel-434-1-0-0\" class=\"so-panel widget widget_sow-editor panel-first-child panel-last-child\" data-index=\"1\" ><div class=\"panel-widget-style panel-widget-style-for-434-1-0-0\" ><div\n\t\t\t\n\t\t\tclass=\"so-widget-sow-editor so-widget-sow-editor-base\"\n\t\t\t\n\t\t>\n<div class=\"siteorigin-widget-tinymce textwidget\">\n\t\t\t<div class=\"wpsisac-slick-slider-wrp wpsisac-clearfix \" data-conf=\"{&quot;dots&quot;:&quot;true&quot;,&quot;arrows&quot;:&quot;true&quot;,&quot;autoplay&quot;:&quot;true&quot;,&quot;autoplay_interval&quot;:3000,&quot;fade&quot;:&quot;false&quot;,&quot;lazyload&quot;:&quot;&quot;,&quot;speed&quot;:&quot;2500&quot;,&quot;rtl&quot;:&quot;false&quot;,&quot;loop&quot;:&quot;true&quot;,&quot;hover_pause&quot;:&quot;true&quot;}\">\r\n\t\t\t<div id=\"wpsisac-slick-slider-1\" class=\"wpsisac-slick-init wpsisac-slick-slider design-4 \">\r\n\r\n\t\t\t\t<div class=\"wpsisac-image-slide\">\r\t<div class=\"wpsisac-slide-wrap wp-medium-12 wpcolumns\">\r\t\t<div class=\"wpsisac-content-left wp-medium-7 wpcolumns\">\r\t\t\t<h2 class=\"wpsisac-slide-title\">Jugendwart<\/h2>\r\t\t\t\t\t\t\t<div class=\"wpsisac-slider-short-content\"><p>&nbsp;<\/p>\n<p><em><span style=\"font-size: 12pt;\">Kevin Horstmann<\/span><\/em><\/p>\n<p>&nbsp;<\/p>\n<hr \/>\n<\/div>\r\t\t\t\t\t<\/div>\r\r\t\t<div class=\"wpsisac-content-right wp-medium-5 wpcolumns\">\r\t\t\t<img  src=\"https:\/\/angeln-in-brome.de\/wp-content\/uploads\/2025\/09\/KevinHorstmann_1500.jpg\" alt=\"Jugendwart\" \/>\r\t\t<\/div>\r\t<\/div>\r<\/div><div class=\"wpsisac-image-slide\">\r\t<div class=\"wpsisac-slide-wrap wp-medium-12 wpcolumns\">\r\t\t<div class=\"wpsisac-content-left wp-medium-7 wpcolumns\">\r\t\t\t<h2 class=\"wpsisac-slide-title\">1. Vorsitzender<\/h2>\r\t\t\t\t\t\t\t<div class=\"wpsisac-slider-short-content\"><p>&nbsp;<\/p>\n<p><span style=\"font-size: 12pt;\"><em>Andreas Nieswandt<\/em><\/span><br \/>\n<span style=\"font-size: 10pt;\">38465 Brome<\/span><\/p>\n<hr \/>\n<\/div>\r\t\t\t\t\t<\/div>\r\r\t\t<div class=\"wpsisac-content-right wp-medium-5 wpcolumns\">\r\t\t\t<img  src=\"https:\/\/angeln-in-brome.de\/wp-content\/uploads\/2020\/06\/AN.jpg\" alt=\"1. Vorsitzender\" \/>\r\t\t<\/div>\r\t<\/div>\r<\/div><div class=\"wpsisac-image-slide\">\r\t<div class=\"wpsisac-slide-wrap wp-medium-12 wpcolumns\">\r\t\t<div class=\"wpsisac-content-left wp-medium-7 wpcolumns\">\r\t\t\t<h2 class=\"wpsisac-slide-title\">2. Vorsitzender<\/h2>\r\t\t\t\t\t\t\t<div class=\"wpsisac-slider-short-content\"><p>&nbsp;<\/p>\n<p><span style=\"font-size: 12pt;\"><em>Andreas Sch\u00fcnemeyer<\/em><\/span><br \/>\n<span style=\"font-size: 10pt;\">38465 Brome<\/span><\/p>\n<hr \/>\n<\/div>\r\t\t\t\t\t<\/div>\r\r\t\t<div class=\"wpsisac-content-right wp-medium-5 wpcolumns\">\r\t\t\t<img  src=\"https:\/\/angeln-in-brome.de\/wp-content\/uploads\/2020\/06\/2.png\" alt=\"2. Vorsitzender\" \/>\r\t\t<\/div>\r\t<\/div>\r<\/div><div class=\"wpsisac-image-slide\">\r\t<div class=\"wpsisac-slide-wrap wp-medium-12 wpcolumns\">\r\t\t<div class=\"wpsisac-content-left wp-medium-7 wpcolumns\">\r\t\t\t<h2 class=\"wpsisac-slide-title\">Kassenwart<\/h2>\r\t\t\t\t\t\t\t<div class=\"wpsisac-slider-short-content\"><p>&nbsp;<\/p>\n<p><em><span style=\"font-size: 12pt;\">Gunter Konrad<\/span><\/em><br \/>\n<span style=\"font-size: 10pt;\">38470 Croya<\/span><\/p>\n<hr \/>\n<\/div>\r\t\t\t\t\t<\/div>\r\r\t\t<div class=\"wpsisac-content-right wp-medium-5 wpcolumns\">\r\t\t\t<img  src=\"https:\/\/angeln-in-brome.de\/wp-content\/uploads\/2020\/06\/gk.png\" alt=\"Kassenwart\" \/>\r\t\t<\/div>\r\t<\/div>\r<\/div><div class=\"wpsisac-image-slide\">\r\t<div class=\"wpsisac-slide-wrap wp-medium-12 wpcolumns\">\r\t\t<div class=\"wpsisac-content-left wp-medium-7 wpcolumns\">\r\t\t\t<h2 class=\"wpsisac-slide-title\">Gew\u00e4sserwart<\/h2>\r\t\t\t\t\t\t\t<div class=\"wpsisac-slider-short-content\"><p>&nbsp;<\/p>\n<p><em><span style=\"font-size: 12pt;\">Dennis Stief<\/span><\/em><br \/>\n<span style=\"font-size: 10pt;\">38471 R\u00fchen<\/span><\/p>\n<hr \/>\n<\/div>\r\t\t\t\t\t<\/div>\r\r\t\t<div class=\"wpsisac-content-right wp-medium-5 wpcolumns\">\r\t\t\t<img  src=\"https:\/\/angeln-in-brome.de\/wp-content\/uploads\/2020\/06\/DennisStief_1500.jpg\" alt=\"Gew\u00e4sserwart\" \/>\r\t\t<\/div>\r\t<\/div>\r<\/div><div class=\"wpsisac-image-slide\">\r\t<div class=\"wpsisac-slide-wrap wp-medium-12 wpcolumns\">\r\t\t<div class=\"wpsisac-content-left wp-medium-7 wpcolumns\">\r\t\t\t<h2 class=\"wpsisac-slide-title\">Oberfischereiaufseher<\/h2>\r\t\t\t\t\t\t\t<div class=\"wpsisac-slider-short-content\"><p>&nbsp;<\/p>\n<p><span style=\"font-size: 12pt;\">Andre\u00b4J\u00fcrgens<\/span><\/p>\n<p>&nbsp;<\/p>\n<hr \/>\n<\/div>\r\t\t\t\t\t<\/div>\r\r\t\t<div class=\"wpsisac-content-right wp-medium-5 wpcolumns\">\r\t\t\t<img  src=\"https:\/\/angeln-in-brome.de\/wp-content\/uploads\/2020\/06\/OberFischAufs.jpg\" alt=\"Oberfischereiaufseher\" \/>\r\t\t<\/div>\r\t<\/div>\r<\/div><div class=\"wpsisac-image-slide\">\r\t<div class=\"wpsisac-slide-wrap wp-medium-12 wpcolumns\">\r\t\t<div class=\"wpsisac-content-left wp-medium-7 wpcolumns\">\r\t\t\t<h2 class=\"wpsisac-slide-title\">Schriftf\u00fchrerin<\/h2>\r\t\t\t\t\t\t\t<div class=\"wpsisac-slider-short-content\"><p>&nbsp;<\/p>\n<p><em><span style=\"font-size: 12pt;\">Fabiene Schneemann<\/span><\/em><\/p>\n<p>&nbsp;<\/p>\n<hr \/>\n<\/div>\r\t\t\t\t\t<\/div>\r\r\t\t<div class=\"wpsisac-content-right wp-medium-5 wpcolumns\">\r\t\t\t<img  src=\"https:\/\/angeln-in-brome.de\/wp-content\/uploads\/2020\/06\/FabieneSchneemann_1500.jpg\" alt=\"Schriftf\u00fchrerin\" \/>\r\t\t<\/div>\r\t<\/div>\r<\/div>\r\n\t\t\t<\/div>\r\n\t\t<\/div>\r\n\t\n<\/div>\n<\/div><\/div><\/div><\/div><div id=\"pgc-434-1-1\"  class=\"panel-grid-cell\" ><div id=\"panel-434-1-1-0\" class=\"so-panel widget widget_sow-editor panel-first-child panel-last-child\" data-index=\"2\" ><div class=\"panel-widget-style panel-widget-style-for-434-1-1-0\" ><div\n\t\t\t\n\t\t\tclass=\"so-widget-sow-editor so-widget-sow-editor-base\"\n\t\t\t\n\t\t>\n<div class=\"siteorigin-widget-tinymce textwidget\">\n\t<p><a href=\"https:\/\/angeln-in-brome.de\/wp-content\/uploads\/2020\/06\/zitat.png\"><img decoding=\"async\" loading=\"lazy\" class=\"alignnone wp-image-1493\" src=\"https:\/\/angeln-in-brome.de\/wp-content\/uploads\/2020\/06\/zitat.png\" alt=\"\" width=\"71\" height=\"55\" \/><\/a><\/p>\n<p>Unsere Gew\u00e4sser bed\u00fcrfen Pflege und Aufmerksamkeit.<br \/>\nOrganisatorisches, wie auch viele andere Aufgaben geh\u00f6ren genauso zu uns,<br \/>\nwie auch der Spa\u00df am Sport ..<\/p>\n<p><span style=\"font-size: 10pt;\"><strong><i>Der Vorstand und sein Team<\/i><\/strong><\/span><b><i><\/i><\/b><\/p>\n<\/div>\n<\/div><\/div><\/div><\/div><\/div><\/div><div id=\"pg-434-2\"  class=\"panel-grid panel-has-style\" ><div class=\"panel-row-style panel-row-style-for-434-2\" ><div id=\"pgc-434-2-0\"  class=\"panel-grid-cell\" ><div id=\"panel-434-2-0-0\" class=\"so-panel widget widget_sow-editor panel-first-child panel-last-child\" data-index=\"3\" ><div class=\"panel-widget-style panel-widget-style-for-434-2-0-0\" ><div\n\t\t\t\n\t\t\tclass=\"so-widget-sow-editor so-widget-sow-editor-base\"\n\t\t\t\n\t\t>\n<div class=\"siteorigin-widget-tinymce textwidget\">\n\t<p>Wir bitten unsere Mitglieder an dieser Stelle um Ihre Unterst\u00fctzung<\/p>\n<p>und die Einhaltung aller Regeln und der \"Nettikette\", sowie die Erhaltung<br \/>\nunserer gemeinsam genutzten Natur ..<\/p>\n<p><span style=\"font-size: 10pt;\"><strong><em>Der Vorstand und sein Team<\/em><\/strong><\/span><\/p>\n<\/div>\n<\/div><\/div><\/div><\/div><\/div><\/div><\/div>","protected":false},"excerpt":{"rendered":"<p>Vorstand &amp; Verwaltung Unsere Gew\u00e4sser bed\u00fcrfen Pflege und Aufmerksamkeit. Organisatorisches, wie auch viele andere Aufgaben geh\u00f6ren genauso zu uns, wie auch der Spa\u00df am Sport .. Der Vorstand und sein Team Wir bitten unsere Mitglieder an dieser Stelle um Ihre Unterst\u00fctzung und die Einhaltung aller Regeln und der &#8222;Nettikette&#8220;, sowie die Erhaltung unserer gemeinsam genutzten [&hellip;]<\/p>\n","protected":false},"author":11,"featured_media":0,"parent":0,"menu_order":0,"comment_status":"closed","ping_status":"closed","template":"","meta":[],"_links":{"self":[{"href":"https:\/\/angeln-in-brome.de\/index.php?rest_route=\/wp\/v2\/pages\/434"}],"collection":[{"href":"https:\/\/angeln-in-brome.de\/index.php?rest_route=\/wp\/v2\/pages"}],"about":[{"href":"https:\/\/angeln-in-brome.de\/index.php?rest_route=\/wp\/v2\/types\/page"}],"author":[{"embeddable":true,"href":"https:\/\/angeln-in-brome.de\/index.php?rest_route=\/wp\/v2\/users\/11"}],"replies":[{"embeddable":true,"href":"https:\/\/angeln-in-brome.de\/index.php?rest_route=%2Fwp%2Fv2%2Fcomments&post=434"}],"version-history":[{"count":290,"href":"https:\/\/angeln-in-brome.de\/index.php?rest_route=\/wp\/v2\/pages\/434\/revisions"}],"predecessor-version":[{"id":2526,"href":"https:\/\/angeln-in-brome.de\/index.php?rest_route=\/wp\/v2\/pages\/434\/revisions\/2526"}],"wp:attachment":[{"href":"https:\/\/angeln-in-brome.de\/index.php?rest_route=%2Fwp%2Fv2%2Fmedia&parent=434"}],"curies":[{"name":"wp","href":"https:\/\/api.w.org\/{rel}","templated":true}]}}